t of 1022802?
0
What is the ten millions digit of 17276061?
1
What is the units digit of 123979?
9
What is the ten thousands digit of 2653613?
5
What is the units digit of 275617?
7
What is the ten thousands digit of 17512473?
1
What is the ten millions digit of 10499230?
1
What is the hundred thousands digit of 1116958?
1
What is the units digit of 411662?
2
What is the millions digit of 1883641?
1
What is the hundred thousands digit of 1183950?
1
What is the millions digit of 20221491?
0
What is the units digit of 4243972?
2
What is the units digit of 347403?
3
What is the ten thousands digit of 988146?
8
What is the millions digit of 8829756?
8
What is the hundreds digit of 391368?
3
What is the units digit of 1660483?
3
What is the thousands digit of 4265659?
5
What is the hundred thousands digit of 1760263?
7
What is the tens digit of 5761694?
9
What is the tens digit of 13100017?
1
What is the ten thousands digit of 9853762?
5
What is the tens digit of 6327848?
4
What is the thousands digit of 3197217?
7
What is the hundred thousands digit of 366831?
3
What is the hundred thousands digit of 1083736?
0
What is the thousands digit of 5149430?
9
What is the tens digit of 731590?
9
What is the thousands digit of 50264?
0
What is the thousands digit of 756412?
6
What is the units digit of 185127?
7
What is the ten thousands digit of 261248?
6
What is the ten thousands digit of 19554?
1
What is the units digit of 3660492?
2
What is the tens digit of 477682?
8
What is the hundred thousands digit of 786389?
7
What is the tens digit of 15161531?
3
What is the millions digit of 13430505?
3
What is the tens digit of 146887?
8
What is the thousands digit of 6520590?
0
What is the tens digit of 172842?
4
What is the ten thousands digit of 2772789?
7
What is the units digit of 358092?
2
What is the tens digit of 21194974?
7
What is the tens digit of 7273872?
7
What is the units digit of 52036?
6
What is the units digit of 20619632?
2
What is the hundred thousands digit of 787146?
7
What is the thousands digit of 8892278?
2
What is the hundreds digit of 7123865?
8
What is the tens digit of 779236?
3
What is the hundred thousands digit of 251862?
2
What is the units digit of 4494913?
3
What is the thousands digit of 1176156?
6
What is the hundred thousands digit of 349195?
3
What is the hundreds digit of 26015365?
3
What is the ten thousands digit of 637356?
3
What is the ten thousands digit of 571893?
7
What is the ten thousands digit of 73702?
7
What is the hundred thousands digit of 2629110?
6
What is the millions digit of 2343351?
2
What is the thousands digit of 2397519?
7
What is the hundred thousands digit of 414526?
4
What is the hundred thousands digit of 184769?
1
What is the millions digit of 1279797?
1
What is the units digit of 94290?
0
What is the thousands digit of 254524?
4
What is the hundreds digit of 183341?
3
What is the hundreds digit of 1307666?
6
What is the hundred thousands digit of 1279338?
2
What is the thousands digit of 364042?
4
What is the units digit of 138467?
7
What is the thousands digit of 737314?
7
What is the tens digit of 13723339?
3
What is the ten thousands digit of 3546680?
4
What is the millions digit of 27323455?
7
What is the millions digit of 5567565?
5
What is the thousands digit of 1315637?
5
What is the millions digit of 2060815?
2
What is the thousands digit of 1666919?
6
What is the hundreds digit of 1335079?
0
What is the units digit of 92964?
4
What is the hundreds digit of 141320?
3
What is the hundred thousands digit of 427349?
4
What is the hundred thousands digit of 9063805?
0
What is the tens digit of 766390?
9
What is the hundreds digit of 85650?
6
What is the millions digit of 3191972?
3
What is the units digit of 225971?
1
What is the units digit of 96452?
2
What is the tens digit of 167137?
3
What is the units digit of 107904?
4
What is the thousands digit of 121978?
1
What is the thousands digit of 270131?
0
What is the tens digit of 26658659?
5
What is the ten thousands digit of 173888?
7
What is the hundred thousands digit of 1623548?
6
What is the units digit of 97495?
5
What is the ten thousands digit of 2832164?
3
What is the hundreds digit of 26518948?
9
What is the hundreds digit of 313905?
9
What is the tens digit of 10019382?
8
What is the hundreds digit of 805046?
0
What is the hundred thousands digit of 2608103?
6
What is the hundreds digit of 1122208?
2
What is the hundred thousands digit of 9712667?
7
What is the units digit of 540555?
5
What is the hundred thousands digit of 606569?
6
What is the tens digit of 277691?
9
What is the ten thousands digit of 7910725?
1
What is the units digit of 11225666?
6
What is the thousands digit of 533110?
3
What is the hundreds digit of 705873?
8
What is the hundred thousands digit of 6991424?
9
What is the hundreds digit of 319396?
3
What is the units digit of 2053115?
5
What is the hundreds digit of 147819?
8
What is the units digit of 292269?
9
What is the thousands digit of 73864?
3
What is the hundred thousands digit of 304278?
3
What is the ten millions digit of 12124862?
1
What is the millions digit of 1838926?
1
What is the hundreds digit of 1403112?
1
What is the ten thousands digit of 1112295?
1
What is the thousands digit of 40856961?
6
What is the tens digit of 10831121?
2
What is the thousands digit of 173384?
3
What is the thousands digit of 4401856?
1
What is the ten thousands digit of 14975577?
7
What is the units digit of 14483091?
1
What is the hundreds digit of 9757344?
3
What is the thousands digit of 5000131?
0
What is the tens digit of 486955?
5
What is the units digit of 163590?
0
What is the tens digit of 337932?
3
What is the ten thousands digit of 266289?
6
What is the hundreds digit of 247265?
2
What is the ten thousands digit of 81554?
8
What is the hundred thousands digit of 4257445?
2
What is the hundred thousands digit of 703741?
7
What is the hundreds digit of 492487?
4
What is the tens digit of 66068?
6
What is the hundred thousands digit of 2525495?
5
What is the hundred thousands digit of 5074966?
0
What is the tens digit of 15336620?
2
What is the tens digit of 89783?
8
What is the ten thousands digit of 653567?
5
What is the units digit of 2015291?
1
What is the tens digit of 149359?
5
What is the tens digit of 377467?
6
What is the ten millions digit of 22557308?
2
What is the tens digit of 9010?
1
What is the ten thousands digit of 3470756?
7
What is the hundred thousands digit of 147131?
1
What is the tens digit of 99401?
0
What is the hundred thousands digit of 134441?
1
What is the ten thousands digit of 213061?
1
What is the thousands digit of 166335?
6
What is the thousands digit of 392591?
2
What is the hundreds digit of 1634530?
5
What is the ten thousands digit of 15434144?
3
What is the hundreds digit of 7904396?
3
What is the ten thousands digit of 418107?
1
What is the millions digit of 2180286?
2
What is the thousands digit of 8100?
8
What is the hundred thousands digit of 9562216?
5
What is the millions digit of 1798628?
1
What is the tens digit of 10859094?
9
What is the ten thousands digit of 14482789?
8
What is the hundred thousands digit of 231041?
2
What is the thousands digit of 170268?
0
What is the thousands digit of 259624?
9
What is the hundreds digit of 386369?
3
What is the hundreds digit of 275660?
6
What is the hundred thousands digit of 10177181?
1
What is the tens digit of 1301456?
5
What is the tens digit of 18565819?
1
What is the tens digit of 12428378?
7
What is the hundreds digit of 4760684?
6
What is the millions digit of 13569927?
3
What is the hundreds digit of 7090254?
2
What is the ten thousands digit of 32626447?
2
What is the ten thousands digit of 229541?
2
What is the units digit of 799736?
6
What is the thousands digit of 1581610?
1
What is the ten thousands digit of 1133456?
3
What is the tens digit of 1299031?
3
What is the thousands digit of 8960016?
0
What is the hundreds digit of 18314823?
8
What is the thousands digit of 167401?
7
What is the thousands digit of 377601?
7
What is the hundreds digit of 628805?
8
What is the thousands digit of 223185?
3
What is the tens digit of 4184916?
1
What is the hundreds digit of 314768?
7
What is the thousands d